d 10?
5
Suppose 6*h - 186 = 4*h. Calculate the highest common divisor of h and 62.
31
Let z = 128 + -68. Calculate the greatest common factor of z and 20.
20
Let n = -149 - -289. Suppose -l + 5*l - n = 0. Let f = -26 - -40. What is the greatest common divisor of f and l?
7
Let w(k) = -7*k - 1. Let x be w(-2). What is the highest common factor of x and 1?
1
Let w be 5/2*(0 + (-2)/(-5)). What is the highest common divisor of w and 31?
1
Suppose -3*i + 110 - 305 = 0. Let n = 110 + i. Suppose 0*p = -5*p + n. Calculate the highest common divisor of 3 and p.
3
Let o be (-94)/(-6) - 2/3. Suppose -g - 6*i = -4*i - 38, 5*i = 2*g - 40. Calculate the greatest common factor of g and o.
15
Suppose 3*u = 62 + 214. Let k = -6 + 29. Calculate the highest common divisor of k and u.
23
Let u = 14 - -3. Calculate the greatest common divisor of u and 51.
17
Suppose x = 4*s - 71, 0*x + 29 = s + 2*x. Let h = s - 9. Let t be h/3*63/2. What is the greatest common divisor of 15 and t?
15
Let p be 11/4 - (-1)/4. Let q be 8/p*18/8. What is the greatest common divisor of q and 6?
6
Suppose 0 = -c - 2*c + 27. Calculate the greatest common factor of c and 27.
9
Suppose 5*g - 11 = 14. Let r be 70/4 - (-2)/4. Suppose 0 = 4*l - g*i - 9, l + 4*i = -0*l + r. Calculate the greatest common factor of l and 4.
2
Suppose d = -4*k - 10875, d + 5441 = -2*k + 4*d. Let r be 2/(-13) - k/13. Calculate the highest common divisor of 19 and r.
19
Suppose -5*h + 3*h = -4. Suppose h*i + 528 = 6*i. What is the highest common factor of 12 and i?
12
Let t be (-10)/(-55) + (-42)/(-11). Let m(a) = a**2 - a + 10. Let g be m(6). What is the greatest common factor of g and t?
4
Let n be (-1)/2*-38 + -1. What is the highest common factor of 9 and n?
9
Let m = 2 - 0. Let y = 22 + m. Let o = 10 + 6. What is the highest common factor of o and y?
8
Suppose 2*f - 35 = -3*c, 0*c + 4*f = c - 21. Calculate the greatest common factor of c and 104.
13
Let b = 12 + -11. Let h be -1 + 3 + (1 - b). Calculate the highest common factor of 2 and h.
2
Let p be -1*(0 + (1 - 46)). Suppose -13 = -5*z + 57. Suppose 0 = 18*d - z*d - 20. What is the greatest common factor of d and p?
5
Let t = 4 + -2. Suppose 2*p + 1 - 7 = -2*y, 2*p = 2*y - 10. Let v be 2*(-2)/y + t. What is the greatest common factor of v and 3?
1
Let v = 0 - 0. Suppose j - 55 = 3*q, v = -3*j - j - 5*q + 186. Calculate the highest common factor of j and 7.
7
Suppose 5*i + 5*l = -10, 2*i + 2*i = 5*l + 1. Let o be 6/2 - (i + -1). Let j be (-6)/((56/60)/(-7)). Calculate the highest common divisor of o and j.
5
Let l(m) = m**2 + 10*m - 8. Let i be l(-11). Suppose i*p - 531 = -4*b, 0*p - 2*p = 4*b - 534. Calculate the highest common divisor of b and 15.
15
Let o(c) = -2*c + 13. Let h be o(6). What is the greatest common factor of 16 and h?
1
Let i(j) be the third derivative of j**5/60 - j**4/24 + 13*j**3/6 - 3*j**2. Let y be i(0). What is the greatest common divisor of 26 and y?
13
Suppose 2*r + 175 = 7*r. Calculate the greatest common factor of 7 and r.
7
Suppose -11 = -3*z - 3*a + 16, z + 3 = 3*a. Let w = -11 - -23. What is the greatest common factor of w and z?
6
Suppose -3*r + 2*g + 34 = 0, -23 = -2*r + 5*g + 7. Let p be 2/(-5) - (-84)/r. Suppose -z = z - 4, p = h - z. Calculate the highest common divisor of h and 10.
10
Let u(k) = -k**2 - 5*k + 5. Let v be u(-5). Let r = v - 5. Let d be 1/3*(r - -3). Calculate the greatest common factor of d and 1.
1
Let b(c) = -9*c + 3. Let u be b(1). Let l be 76/7 + u/(-42). Calculate the greatest common divisor of l and 22.
11
Suppose -3*r + 5*f + 159 = 0, 6*r - 10*r + 212 = -2*f. Let m = r + -28. What is the greatest common factor of 5 and m?
5
Let n be (1 - -14)*95/57. Calculate the greatest common factor of n and 10.
5
Let g(p) = -9*p. Suppose -5*f - 6 + 0 = -2*v, 2*v = 2*f. Let t be g(v). Calculate the highest common factor of 9 and t.
9
Let l(t) be the first derivative of -t**4/4 + 8*t**3/3 + 5*t**2 + 4*t - 2. Let r be l(9). Calculate the greatest common factor of 104 and r.
13
Let j(l) = -l - 3. Let c = -25 + 18. Let o be j(c). Let g be o*(5/2 + 1). What is the greatest common divisor of 21 and g?
7
Let l(a) = -a**2 + 8*a - 1. Let c be l(7). Calculate the highest common factor of c and 24.
6
Suppose 56 = 10*b - 44. Calculate the highest common factor of 10 and b.
10
Suppose -10 - 11 = -x. Let c = -9 + x. What is the highest common divisor of c and 36?
12
Let k(n) = n**2 - 3*n - 1. Let a be k(4). Suppose 0 = 3*u - 6 - a. Suppose u = -2*b + 7. What is the greatest common factor of 3 and b?
1
Let g(h) = h**3 + 7*h**2 + 5*h + 8. Let t be g(-6). Let b = 1 + -6. Let f = t + b. Calculate the greatest common divisor of 45 and f.
9
Let l = 354 + -242. What is the greatest common factor of l and 16?
16
Let m be (-289)/(-85) + 6/10. Suppose -u - 67 = -4*v, m*v = -4*u - 0*u + 52. Suppose -3*k + 64 = -56. Calculate the highest common divisor of v and k.
8
Let s(g) = -g**3 - 5*g**2 - g - 1. Suppose 0*n + n = -3*t + 7, 0 = -2*n + 5*t - 30. Let v be s(n). Calculate the greatest common factor of v and 32.
4
Let r = 0 - -10. Suppose -3*p + 4*g + r = 0, 14 = 4*p + p - 4*g. Calculate the greatest common factor of 14 and p.
2
Let w = -55 + 146. Suppose 0 = -5*u - 3*v + 65, 3*v = -2*u - 2*u + 52. What is the greatest common factor of w and u?
13
Suppose 5*h + 108 = 8*h. Calculate the greatest common factor of h and 24.
12
Suppose -4*x + 47 + 17 = 0. Let a = -93 + 109. What is the greatest common divisor of x and a?
16
Suppose -3*g = -4 - 5, 5*o - 2*g - 29 = 0. Let z(a) = a - 12. Let l be z(10). Let r = l + 16. Calculate the highest common divisor of r and o.
7
Suppose 5*w - 29 - 81 = 0. Let j = w - 8. Suppose -j = -n - n. Calculate the highest common divisor of n and 63.
7
Let c(w) = w**2 - 2*w + 3. Let h be c(2). Suppose m - 74 = -3*a + 71, h*m - 435 = -2*a. What is the highest common factor of 29 and m?
29
Let z be 1 + 3/((-6)/(-2)). Let o = z + 6. Let s = 8 - -8. What is the greatest common divisor of o and s?
8
Let s = 484 + -244. Suppose s = -6*n + 8*n. Calculate the greatest common divisor of 24 and n.
24
Suppose -5*t + 304 = 4*x, 3*x - 45 = -5*t + 178. Suppose -3*v + 46 = 3*m + 16, 3*v = 3. Calculate the highest common factor of x and m.
9
Let k(r) = -r**2 - 8*r. Let q be k(-4). Let i = 43 - q. Calculate the greatest common divisor of 27 and i.
27
Let t be (5 + 2)*16/2. Let l(g) = g**2 + 4*g - 14. Let j be l(-7). Calculate the highest common divisor of t and j.
7
Let b = 0 + 0. Let d(w) = -w**3 + 15. Let k be d(b). Suppose 4 = -4*t, -8*v + 3*v + 2*t = -32. What is the greatest common divisor of v and k?
3
Suppose -2*o + i - 2 = -14, 30 = 4*o - 5*i. Let j = -1 - -1. Suppose -2*d - 6 = 0, j*m + 114 = o*m + 2*d. Calculate the highest common divisor of m and 8.
8
Let j be 2 + 1 + -1 - 0. Suppose -2*f = -4*q - 48, -25 - 20 = -j*f + 3*q. What is the greatest common factor of 18 and f?
18
Let b(t) = t**2 + 12*t + 4. Let p be b(-12). Calculate the greatest common divisor of 28 and p.
4
Let t(u) = u**2 - 8*u + 12. Let z be t(9). Let l be (-9)/z - 1272/(-28). What is the greatest common divisor of 9 and l?
9
Let f be 164/6 - (-12)/(-36). What is the greatest common divisor of 3 and f?
3
Let p = 5 + -5. Suppose -3*f + 5*d - 20 = -75, p = f - 2*d - 19. Calculate the greatest common factor of f and 135.
15
Let n = 189 + -119. Let p be 0 - 1 - 29/(-1). What is the greatest common divisor of p and n?
14
Suppose -2*r + 203 = k - 170, 0 = -r + k + 194. Calculate the greatest common factor of 27 and r.
27
Suppose 4*l - 7*l + 21 = 0. Let r = 11 - l. What is the highest common factor of r and 16?
4
Suppose 3*a - 156 = 99. Suppose 4*s - a = -s. Let k be 0 - s*(-1 - 0). What is the greatest common divisor of k and 34?
17
Let f = 1 - -11. Suppose -53 = -2*p + 211. What is the highest common factor of f and p?
12
Let w(m) be the second derivative of -m**3/3 - 7*m**2/2 + 4*m. Let k be w(-6). Calculate the highest common divisor of 20 and k.
5
Let p(q) = q**3 + 14*q**2 + 11*q - 16. Let l = 21 + -34. Let z be p(l). Let r = z - 8. What is the highest common divisor of 18 and r?
2
Let q be 1/((-4)/(-6))*4. Suppose 0 = -4*k + a + 5, 0 = -k + 5*a + q. Calculate the highest common divisor of 9 and k.
1
Let a(d) = -3*d**2 + 17*d + 4. Let u be a(4). Calculat